 of w?
6
Suppose 4*o + 1540 = -3*v, -4*o - o - 5*v - 1920 = 0. Let q be (o + -2)/(-5) + -4. What is the units digit of (q/6)/(2/6)?
7
Let k(v) = -2*v. Let w be k(-3). Let p(q) = 56*q**2 - 7 + 4*q**3 - 3*q**3 - 60*q**2 - 5*q - 2*q. What is the tens digit of p(w)?
2
Let h(v) = v**3 - 8*v**2 + v - 8. Let g be h(8). Suppose -10*l + 14*l - 5*t = 227, g = l + 3*t - 61. What is the tens digit of l?
5
Let w = 7310 - -8750. What is the thousands digit of w?
6
Let i(j) be the first derivative of 11*j**5/60 - j**4/2 + 5*j**3/6 - 15*j**2 + 38. Let w(u) be the second derivative of i(u). What is the units digit of w(5)?
0
Let r = 10807 + -7474. Suppose 3*i - 443 - 668 = -p, -r = -3*p - 4*i. What is the hundreds digit of p?
1
Let p = 46 - -454. Suppose 5*g - j - p = 0, -2*g + 7*j - 6*j = -197. What is the hundreds digit of g?
1
Let o = 683 - 408. Let a = -129 + o. What is the tens digit of (-2)/((-440)/a + 3)?
4
Suppose s + 25*s = s + 291100. What is the thousands digit of s?
1
Let w be ((-3)/10)/(108/106290)*-4. Suppose 7*c = w + 2. What is the units digit of c?
9
What is the units digit of (86/6)/((-3192)/(-3186) - (-1 - -2))?
1
Let u(q) = -286*q + 61. Let x be u(-11). Let h = x + -1908. What is the hundreds digit of h?
2
What is the thousands digit of 95628/12 - (-1*2 + 16/(-4))?
7
Suppose 8*w = 337 + 1543. Let m = -2 - -6. Suppose -m*k + 4*g + g = -940, w = k - 3*g. What is the units digit of k?
5
Let n(o) = -236*o - 30. Let l be n(-3). Suppose 3*d - 138 - l = 0. What is the tens digit of d?
7
What is the tens digit of (-840)/100*13460/(-3)?
8
Suppose 4*q + 16 = 0, -20 - 8 = -5*j - 3*q. Let t be 26/j + (-4)/16. What is the tens digit of 83 - t - 4 - 2?
7
Suppose -76455 = -5*h - 3*g, 3*g - 30298 = 4*h - 91462. What is the thousands digit of h?
5
Suppose -3*v + 0*v + 6 = 0. Suppose -v*z = 20 - 44. What is the units digit of (-7)/(-28) + 141/z?
2
Let w = -85 + 31. Let n = 79 + w. Suppose -2*x = 3*x - n, -5*x = -3*o + 38. What is the tens digit of o?
2
Let s(l) = l**2 - l**3 - 19 + 14*l**2 + 818*l - 809*l. What is the hundreds digit of s(13)?
4
Let p(v) = 35*v - 31. Let s be p(1). What is the tens digit of 6 + -3 + -2 + (35 - s)?
3
Suppose -5*l - 16549 = -2*v, 3*l = -2*v + 9055 + 7502. What is the thousands digit of v?
8
Let z be (22/(-4) - 2)/(9/(-12)). Suppose -z*t + 15*t = 1170. Suppose 0*g + 5*g - t = -2*y, 2*y - 2*g = 206. What is the hundreds digit of y?
1
Let f(b) = -b - 1. Let w be f(-9). Suppose c = 5*c - w. Suppose 2*d = -c*r + 16 + 124, -2*d + 140 = r. What is the units digit of d?
0
Suppose -9*u - 12*u = 21. Let n(k) = 4*k + 7. Let x be n(u). Suppose p + p + 4*s - 480 = 0, -x*p - 5*s = -722. What is the units digit of p?
4
Let n(t) = -33*t + 23. Let y be n(7). Let p be (-1008)/y - 2/(-13). Suppose -p*f = -123 - 127. What is the tens digit of f?
5
Let b = 265 + -554. Let n = -272 - b. What is the tens digit of n?
1
Let i(q) = 4*q - 10. Let n be i(3). Suppose -28 = n*t - 4. What is the tens digit of 2*6*(-32)/t?
3
Let q = -6 - -18. Let m be (-1)/(((-1)/q)/((-3)/(-6))). Suppose -2*k + 16 = 5*c - k, c - m = -3*k. What is the units digit of c?
3
Let j = 306 + -124. Let b = -10 + j. Let o = -65 + b. What is the tens digit of o?
0
Let p(n) = n**2 - n - 1. Let a be p(3). Suppose -55 = -4*b - c, a*b - c - 3*c - 74 = 0. Let s = -11 + b. What is the units digit of s?
3
Suppose -3*p + a = -157, -26 + 124 = 2*p - 2*a. Let c = p + 289. What is the units digit of c?
3
Suppose 2*m - 5418 = -3*y, 3612 = 2*y + 17*m - 16*m. Suppose -4*g - 10*h + y = -9*h, 0 = g - 2*h - 447. What is the hundreds digit of g?
4
Let f = -33601 + 92696. What is the tens digit of f?
9
Suppose 3*g - 11*c = -10*c + 6848, -5*g + 2*c = -11412. What is the units digit of g?
4
Let b be 456 - (1 - (4 + -5))*2. Suppose 1698 = 2*w - b. What is the tens digit of w?
7
Suppose 2*h = 5*y + 92, 0 = -4*h + 6*y - 8*y + 160. What is the tens digit of ((2/4)/(-1))/(h/(-33866))?
1
Suppose 16*g - g - 555 = 0. Suppose -g*w + 19747 = -7966. What is the hundreds digit of w?
7
Suppose -31501 = -m + 228*y - 229*y, 5*m + 3*y - 157497 = 0. What is the ten thousands digit of m?
3
What is the ten thousands digit of 25213 + -22 + (13 - -9)?
2
Let u(z) = 3896*z - 2906. What is the units digit of u(14)?
8
Let u be 3/(-4)*(-18 - 2). Let l = -216 + 219. Suppose -l*s + 153 = u. What is the tens digit of s?
4
Let y = 322 + -317. Suppose -y*s - 1867 = -3*r, 4*r + 2*s = -0*r + 2498. What is the hundreds digit of r?
6
Let a(q) = -7763*q - 185. What is the thousands digit of a(-1)?
7
What is the hundreds digit of (-1)/((-4)/(-7278))*4434/(-739)?
9
Let w(p) = 5904*p - 627. What is the units digit of w(5)?
3
Let q = -3529 - -3755. Let t = -164 + 26. Let w = q + t. What is the units digit of w?
8
Suppose 12*t + 2*y = 8*t + 93240, -116548 = -5*t - 3*y. What is the ten thousands digit of t?
2
Suppose 2*d = -p + 104920, -2*d + 53928 = -2*p - 50980. What is the ten thousands digit of d?
5
Let m(c) = -6 - 2*c - 4*c**2 - 4*c + 0 - 15*c**3. Let j(g) = 145*g + 433. Let n be j(-3). What is the units digit of m(n)?
0
Suppose -z = -5*c + 178298, 0 = -213*c + 217*c - z - 142639. What is the hundreds digit of c?
6
Let i(m) = 10*m**3 + 4*m**2 + 5*m - 10. Suppose 9 = 5*j - 0*d + 2*d, 27 = 5*j - 4*d. What is the hundreds digit of i(j)?
3
Let z(c) = 22*c - 34. Let p be z(-6). Let u = -131 - p. What is the units digit of u?
5
Suppose -5*j - 2 = -17, -4*a + 5*j + 38165 = 0. What is the hundreds digit of a?
5
Suppose 0 = 2*q - 6*q + 20. Suppose -q*p = 4*v - 439, -2*v = -p - 0*p + 99. Suppose -p - 19 = -a. What is the units digit of a?
0
Suppose 110*w - 121969 = 87*w. What is the hundreds digit of w?
3
Let r(i) be the third derivative of 181*i**5/30 + 5*i**4/24 - i**3/3 + 4*i**2. What is the hundreds digit of r(1)?
3
Suppose 5*p - 13 = -3*g + 12, -2*p + 2*g = 6. Suppose p*h = -3*h + 4*t - 4, -4*h + 3*t - 3 = 0. Suppose -6*l + 2 + 196 = h. What is the units digit of l?
3
Let r(p) = 2*p**3 - 2*p**2 - 6*p + 7. Let x be r(-6). Let n = -733 - x. Let c = -164 - n. What is the hundreds digit of c?
1
Let b = 25241 + -15225. What is the thousands digit of b?
0
Suppose 3*i + h + 110 = 2*h, -i - 5*h - 10 = 0. Let l be 12/6 + 0 + i. Let c = 109 + l. What is the tens digit of c?
7
Let j(l) = -2*l. Let n be j(1). Let o(f) = -1 + 5 - 47*f - f - 7. What is the units digit of o(n)?
3
Let x(s) = s**2 + 7*s - 19. Let g be x(-10). Suppose -3*d + g + 4 = -3*h, 0 = d - 3*h - 15. Suppose -b - 3*b + 308 = d. What is the units digit of b?
7
Suppose -12*a + 183 = -9*a. Let v = 16 - 42. Let s = v + a. What is the tens digit of s?
3
Let c = 28 + -25. Suppose n = 3*o + 16, -c*o = n - o + 4. Suppose n*v - 60 = -6*v. What is the units digit of v?
6
Let a = -29509 - -100147. Suppose 0 = -45*x - 18483 + a. What is the units digit of x?
9
Suppose -i - 20 = -24. Suppose -1 = -i*y - 17. What is the tens digit of (-8)/2 + 41 + y?
3
Let f(d) be the first derivative of d**2 + 9*d + 8. Let m be f(-6). What is the units digit of -1 - 15*15/m?
4
Let u = 6461 + 17759. What is the tens digit of u?
2
Let k = 287 - 262. What is the units digit of 351 - (-5)/(k/(-30))?
5
Suppose 2*f = 26*q + 140742, f - 2*q = -0*q + 70327. What is the ten thousands digit of f?
7
Let a(r) = 33*r**3 - 5*r**2 - 23*r - 2. Let t be a(-5). What is the tens digit of (-1)/((14/t)/2)?
9
What is the tens digit of 17 - 0 - 63060/(-5)?
2
What is the hundreds digit of (-175)/63*2*-318 + 6/18?
7
Let i(k) = -9*k - 4*k + 4 + 4*k + 0*k. Let u be i(1). Let j(a) = a**2 + 10*a + 31. What is the units digit of j(u)?
6
Let t(v) = -6*v**2 + 4*v + 2. Let a be t(3). What is the tens digit of (16/a)/(1/(-195))?
7
Suppose 134215 - 98042 = 130*y - 321717. What is the hundreds digit of y?
7
Let d(m) = -3*m**3 + 48*m**2 - 6*m + 21. Let x(q) = 8*q**3 - 144*q**2 + 20*q - 64. Let g(v) = -14*d(v) - 5*x(v). What is the tens digit of g(-24)?
1
What is the ten thousands digit of -11 - -18 - -78405 - -16?
7
Let n(h) = 3*h + 2*h**3 - 6*h - 10*h**2 + 29*h**2 - h**3 + 7. What is the tens digit of n(-17)?
3
Let v(j) = -3*j + 24. Let i be v(9). What is the units digit of (-4 - -27)/(i + (-140)/(-46))?
9
Let q = 36 + -44. Let i be 7/(-2) - q/16. What is the tens digit of (-2)/1 - (i - 84)?
8
Let x = 17 - 21. Let f(v) = -4*v**2 + v - 9. Let b be f(x). 